Convert 1001 (base 8) to base 9.
630
What is -4330 (base 6) in base 10?
-990
What is 10311 (base 4) in base 5?
2214
Convert -15f (base 16) to base 6.
-1343
144 (base 9) to base 7
232
Convert -4617 (base 12) to base 8.
-17163
Convert -1554 (base 15) to base 13.
-2113
Convert 161 (base 11) to base 13.
116
Convert 457 (base 9) to base 13.
22c
What is 20031321 (base 4) in base 11?
23318
What is 439 (base 12) in base 2?
1001101101
-10 (base 12) to base 4
-30
What is -b62 (base 15) in base 2?
-101000000111
What is -212331 (base 4) in base 16?
-9bd
Convert a72 (base 11) to base 6.
5545
12204 (base 13) to base 8
101021
Convert -121322 (base 5) to base 8.
-10753
-309 (base 15) to base 6
-3100
Convert 115 (base 10) to base 5.
430
3442 (base 8) to base 9
2448
Convert 10101101001 (base 2) to base 5.
21020
What is 312302 (base 4) in base 9?
4725
-4e3 (base 16) to base 2
-10011100011
Convert -1a6 (base 12) to base 4.
-10032
Convert 217 (base 14) to base 7.
1130
What is 10255 (base 8) in base 6?
31433
Convert 5542 (base 11) to base 2.
1110010001010
What is -157526 (base 8) in base 2?
-1101111101010110
Convert 30510 (base 7) to base 6.
54303
What is -15052 (base 7) in base 4?
-1000321
Convert -530425 (base 7) to base 13.
-3281b
11107 (base 9) to base 2
1110011010010
-11110011101010 (base 2) to base 16
-3cea
9a5 (base 11) to base 16
4b4
What is -486 (base 13) in base 3?
-1002010
11323 (base 4) to base 2
101111011
6 (base 14) to base 2
110
Convert 201000 (base 3) to base 16.
201
124160 (base 7) to base 11
16375
What is 12ca2 (base 14) in base 15?
db33
Convert 427 (base 10) to base 16.
1ab
3aa (base 14) to base 9
1010
What is 3405 (base 7) in base 16?
4ce
What is -2503 (base 10) in base 7?
-10204
Convert 11747 (base 9) to base 15.
251a
What is -1367 (base 8) in base 3?
-1001010
What is 44b3 (base 13) in base 15?
2caa
What is -2341 (base 7) in base 4?
-31132
What is -32a1 (base 14) in base 7?
-34361
What is 22823 (base 9) in base 15?
47b9
Convert -2464 (base 7) to base 12.
-654
Convert -1435 (base 12) to base 14.
-bd7
What is -1028 (base 11) in base 9?
-1772
What is -1414 (base 7) in base 13?
-334
What is -6399 (base 11) in base 2?
-10000100001001
-45706 (base 8) to base 15
-5b33
-4e0 (base 16) to base 13
-750
-6607 (base 9) to base 13
-22a5
Convert 66716 (base 9) to base 16.
ad22
Convert -321203 (base 4) to base 12.
-216b
-210221101 (base 3) to base 11
-11020
111011001 (base 2) to base 9
575
Convert 2e42 (base 16) to base 13.
550c
3444 (base 5) to base 12
357
Convert 5233 (base 8) to base 10.
2715
417 (base 10) to base 11
34a
What is -367 (base 14) in base 4?
-22213
Convert 807 (base 12) to base 13.
6b2
What is -2c8 (base 14) in base 10?
-568
Convert -2101111 (base 3) to base 10.
-1741
What is 51030 (base 8) in base 13?
9748
What is 1010012 (base 3) in base 6?
3435
Convert 124162 (base 8) to base 3.
2012011010
6cb6 (base 13) to base 8
35777
Convert -176 (base 8) to base 5.
-1001
What is 173 (base 14) in base 3?
102000
1200112 (base 4) to base 16
1816
Convert 2020022 (base 3) to base 14.
844
What is 11222200 (base 4) in base 14?
8652
Convert -e2 (base 16) to base 6.
-1014
1623 (base 12) to base 5
40434
-12a6 (base 15) to base 6
-30233
What is -53 (base 15) in base 12?
-66
1110201 (base 3) to base 8
2060
Convert 2d75 (base 16) to base 5.
333022
What is -111421 (base 6) in base 15?
-2bea
Convert -1100011101000000 (base 2) to base 10.
-51008
What is -3761 (base 8) in base 3?
-2210022
Convert -354 (base 11) to base 13.
-266
-c26 (base 15) to base 13
-1326
Convert 6338 (base 9) to base 7.
16364
What is -2121021 (base 3) in base 11?
-1475
22454 (base 7) to base 5
140343
Convert -20302 (base 5) to base 2.
-10100101111
Convert -576 (base 16) to base 10.
-1398
What is 100012 (base 3) in base 11?
206
What is -316f (base 16) in base 14?
-487d
8ab (base 12) to base 16
503
23911 (base 10) to base 11
16a68
What is 1506 (base 9) in base 2?
10001110100
Convert 7cad (base 14) to base 4.
11103101
Convert -13332 (base 5) to base 7.
-3120
595 (base 12) to base 7
2300
Convert -466 (base 8) to base 7.
-622
Convert 2201200 (base 3) to base 7.
5541
-110001110011 (base 2) to base 10
-3187
180 (base 13) to base 11
229
What is -724 (base 11) in base 16?
-369
What is 28666 (base 9) in base 12?
b350
-3088 (base 10) to base 16
-c10
13423 (base 9) to base 2
10001110000101
-1110220 (base 3) to base 6
-4553
What is 10001112022 (base 3) in base 14?
17cd6
What is -209 (base 16) in base 9?
-638
-4a93 (base 13) to base 5
-314343
2541 (base 8) to base 10
1377
Convert 892 (base 14) to base 6.
11504
What is -2012412 (base 5) in base 16?
-7de8
7a89 (base 14) to base 2
101001100101001
30 (base 16) to base 4
300
What is 5ee (base 16) in base 5?
22033
Convert 3a615 (base 11) to base 6.
1124223
Convert 7c4 (base 13) to base 7.
3626
Convert 62d (base 14) to base 5.
14332
ab61 (base 12) to base 14
6c89
-46 (base 10) to base 14
-34
5c6a (base 14) to base 8
37446
1623 (base 7) to base 3
220020
Convert -210 (base 12) to base 14.
-176
What is -44a (base 16) in base 8?
-2112
Convert -354 (base 8) to base 14.
-12c
What is -4266 (base 7) in base 10?
-1518
-54 (base 12) to base 11
-59
What is 478 (base 10) in base 13?
2aa
What is -85a (base 13) in base 7?
-4106
100110000001 (base 2) to base 14
c5b
1100101100001 (base 2) to base 8
14541
Convert -2352 (base 6) to base 15.
-282
-83 (base 9) to base 3
-2210
-33210 (base 4) to base 14
-512
Convert -19 (base 14) to base 13.
-1a
What is 1011010111 (base 2) in base 8?
1327
Convert 21114 (base 5) to base 6.
10305
6878 (base 15) to base 5
1202123
What is -1220202201 (base 3) in base 16?
-936a
Convert -11102202 (base 3) to base 16.
-ca1
Convert -15a2 (base 11) to base 9.
-2725
3043 (base 7) to base 12
744
3476 (base 14) to base 7
35406
Convert -20120112 (base 3) to base 11.
-3668
Convert -111110 (base 3) to base 9.
-443
What is 30313 (base 4) in base 6?
3451
Convert -1712 (base 9) to base 4.
-110123
Convert 1010000011100000 (base 2) to base 3.
2002111100
-11000201 (base 3) to base 10
-2935
What is -1334 (base 10) in base 8?
-2466
What is -12b22 (base 14) in base 11?
-316a0
Convert 1cc (base 14) to base 4.
11320
1bd (base 14) to base 2
101101011
What is 18643 (base 10) in base 6?
222151
Convert -2d67 (base 15) to base 11.
-7384
What is 133 (base 6) in base 16?
39
-11354 (base 9) to base 10
-7582
Convert -15b6 (base 16) to base 9.
-7555
Convert -12120 (base 7) to base 6.
-22330
Convert 1111011001 (base 2) to base 7.
2605
-36415 (base 9) to base 3
-1020110112
1189 (base 10) to base 16
4a5
What is 7442 (base 11) in base 15?
2db7
Convert 5126 (base 10) to base 9.
7025
What is -2121210 (base 3) in base 13?
-b40
What is 23005 (base 10) in base 6?
254301
Convert 243 (base 15) to base 12.
369
-18ee (base 16) to base 10
-6382
-13403 (base 10) to base 12
-790b
-6245 (base 8) to base 5
-100422
Convert -13 (base 6) to base 9.
-10
Convert -c37 (base 13) to base 3.
-2211211
Convert 1302441 (base 5) to base 14.
9363
What is 284 (base 10) in base 3?
101112
Convert -246 (base 13) to base 6.
-1500
602 (base 7) to base 2
100101000
-2a6 (base 12) to base 6
-1530
Convert 16 (base 12) to base 6.
30
Convert 58c (base 13) to base 10.
961
What is -2302332 (base 5) in base 8?
-120007
214220 (base 6) to base 14
66b2
What is 1a8 (base 12) in base 9?
332
What is 686 (base 10) in base 5?
10221
12142 (base 6) to base 5
24130
What is -22002220 (base 3) in base 13?
-28c8
Convert 10001001001010 (base 2) to base 13.
3cc3
What is -1000224 (base 6) in base 13?
-18379
Convert 285b (base 12) to base 5.
122204
Convert -41133 (base 10) to base 9.
-62373
Convert 2d7 (base 14) to base 3.
210112
Convert -1248 (base 9) to base 7.
-2504
Convert -22826 (base 10) to base 4.
-11210222
-1123 (base 11) to base 4
-113011
101053 (base 6) to base 5
224100
-2120232 (base 4) to base 5
-303044
Convert 1ffe (base 16) to base 10.
8190
-16 (base 10) to base 13
-13
What is -199 (base 16) in base 10?
-409
Convert -474 (base 13) to base 5.
-11041
-100120 (base 4) to base 13
-628
414 (base 9) to base 12
241
-4123 (base 7) to base 16
-59e
1c70 (base 14) to base 7
21100
Convert -1023213 (base 5) to base 15.
-51dd
466 (base 14) to base 5
11444
-c88 (base 14) to base 9
-3346
What is 1202001 (base 3) in base 12?
89a
Convert 10c7 (base 16) to